 are the prime factors of j?
7, 17
Let p be 6 + (-6 - -1) + -10. List the prime factors of (-654)/(-4)*(-6)/p.
109
Suppose -9*k + 99247 = 47*k - 426313. List the prime factors of k.
5, 1877
Let y(p) = -11*p - 4. Let z be y(-3). Suppose 5*v - 14 = -26*d + 25*d, 4*v = 2*d + 14. Let s = z + v. List the prime factors of s.
2
Let m = 24026 - 6841. List the prime factors of m.
5, 7, 491
Suppose -j - 388 = -5*x + 90, -j = 3*x - 290. List the prime factors of -4 + x*2 - 5.
3, 61
Let h(r) = 226*r + 2931. List the prime factors of h(-11).
5, 89
Let h = 175 + -164. What are the prime factors of ((-627)/h)/((-5)/65)?
3, 13, 19
Suppose 0 = 26*p + 96*p - 720410. What are the prime factors of p?
5, 1181
Suppose -2*d = -7*d + 375. Suppose d = -x + 2*s, 0 = -3*s + s - 10. What are the prime factors of (-34)/x + (-473)/(-5)?
5, 19
Let k(j) = 6*j + 117. Let v be k(-19). Suppose b - g - 76 = 104, -540 = -v*b - g. What are the prime factors of b?
2, 3, 5
Suppose 0 = -3*f + 45 + 36. Let n = 36 - f. Let g = 37 - n. List the prime factors of g.
2, 7
Let z(h) = h**3 + 5*h**2 + 2*h - 5. Let o be z(-3). List the prime factors of 688 + o/(-14) + (-6)/4.
2, 7
Let a = -37 + 46. Let c be a/(27/6) - 0. Suppose 0 = -c*d - 4*b + 136, 0*d + 122 = 2*d - 3*b. List the prime factors of d.
2
Let q(v) = v**2 + 17*v - 110. Let k be q(5). Suppose 2*x - 1470 = -2*x - 2*o, 2*x - 3*o - 723 = k. What are the prime factors of x?
2, 3, 61
Let n be (-9 + 68)/(5 + -5 + 1). Let o(w) = 28*w**2 + w - 1. Let p be o(1). Let g = p + n. List the prime factors of g.
3, 29
Let d be 1/(4/20) + -1. Suppose -3*z + 2*l + 68 = 4*l, d*z - 2*l = 72. Suppose -z = -6*h + 10. What are the prime factors of h?
5
Let k(c) = -21*c**2 - 54*c + 86. Let o(q) = 9*q**2 + 27*q - 42. Let u(d) = -4*k(d) - 9*o(d). What are the prime factors of u(-14)?
2, 5
Suppose 2*x - 2*k - 17440 = -0*x, 4*k + 26155 = 3*x. List the prime factors of x.
5, 349
Let i = 7132 + -3778. List the prime factors of i.
2, 3, 13, 43
Let x(r) = -r**3 + 47*r**2 + 15*r + 451. What are the prime factors of x(23)?
2, 3373
Suppose 3*s - 4*q - 13942 = 0, s - 2574 = -5*q + 2029. What are the prime factors of s?
2, 3, 773
Let r(p) = 5388*p - 4029. List the prime factors of r(6).
3, 9433
Suppose -3*y = 5*l - 10603, -9*y + 7*y - 3*l + 7071 = 0. List the prime factors of y.
2, 3, 197
Suppose -3*s + 5*f = 3, -4*s = -2*f + 4*f - 22. What are the prime factors of -1*s - -326*(0 + 3)?
2, 487
Let r be -1 - 1*(0 + -1). Suppose z - 5*t - 144 = 0, 2*z - 129 = -t + 148. Suppose r = -2*h + z - 19. List the prime factors of h.
2, 3, 5
Let y(w) = 114*w + 5. Suppose -5 = 4*z - 25. Let r be y(z). Suppose i - 203 = 4*d - r, -i - 279 = -3*d. What are the prime factors of d?
3, 31
Let h(a) = -10*a - 105. Let b be h(-11). Let t = 22 - 20. Suppose -x + 202 = -3*c - t*c, 0 = b*x + 3*c - 898. List the prime factors of x.
2, 7, 13
Let t(p) = -3 + 54*p - p**3 + 41*p - 80*p - 3 - 15*p**2. Let g be t(-16). What are the prime factors of (g/(-4))/((-1)/86)?
5, 43
Let g = 144 - 69. Let x = g - -30. Let t = x - 17. What are the prime factors of t?
2, 11
Suppose 0 = 3*f + 20*f - 6371. Let g = f + -99. What are the prime factors of g?
2, 89
Suppose -t = 3*t - 8. Suppose t*y - 10 = -5*p, 0*p = p - 5*y + 25. Suppose h + 183 = 2*a, p = -4*a - a + 3*h + 456. List the prime factors of a.
3, 31
Suppose -3*k + 57059 = -5*g, 4*k + 57171 = 7*k + 9*g. List the prime factors of k.
7, 2719
Let s be (-4 - 8687/14)*(1 - 3). Suppose 3*l - x - s = 0, 3*l - 1241 = -5*x + 4*x. What are the prime factors of l?
5, 83
Suppose 70*b = 68*b + 100. Suppose -j + b + 143 = -p, 3*j - 574 = -2*p. List the prime factors of j.
2, 3
List the prime factors of (-2)/((-24)/(-4132))*(-19 + -14).
11, 1033
Let u = -94483 + 197139. What are the prime factors of (u/224)/(4/14)?
2, 401
Let i be 5 - (-2 + 4) - -2. Suppose 0 = -5*b + 5*h + 820, i*b + 4*h = h + 780. List the prime factors of b.
3, 53
Suppose 50 + 76 = 14*k. Suppose 2302 = k*r - 3746. List the prime factors of r.
2, 3, 7
Let j(x) be the second derivative of x**4/6 - 3*x**3/2 - 3*x**2/2 + 14*x + 154. Suppose 8 = -d - d. What are the prime factors of j(d)?
5, 13
Suppose -61464 = -2*m - p, 3*p = -5*m - 15108 + 168769. List the prime factors of m.
79, 389
Let s be (3 + 0)*2/3. Let w(a) = a**2 + a - 4. Let q be w(-3). Suppose -q*d + 328 = s*d. What are the prime factors of d?
2, 41
Let y(w) = -145*w - 42. Let a = -50 - -41. What are the prime factors of y(a)?
3, 421
Suppose 12*n + 0*n - 36 = 0. Suppose -90 = 3*c - 3*m + 114, n*c + 2*m + 204 = 0. List the prime factors of 89 - (c/(-16) + -4)*4.
2, 11
What are the prime factors of 1/(-4 - 0 - (-1220070)/305010)?
3, 3389
Let w(s) = 2*s - 11. Let z be w(8). Suppose 2*r - 3*r = -d + 4, -z*d + 4*r = -18. Suppose 2*h - d*p = 156, -4*h - 86 = -5*h + 3*p. List the prime factors of h.
2, 37
Let b(g) = -65*g - 1. Let a be (4 - 6)/(2/1). Let d be b(a). Suppose -13*p = -11*p - d. What are the prime factors of p?
2
Let x = 147892 - 57112. List the prime factors of x.
2, 3, 5, 17, 89
Suppose 5*a = -30, -z + 5*a + 28503 = -7108. What are the prime factors of z?
7, 13, 17, 23
Suppose -5*o - 56 = -3*d, 0 = -2*d + 3*o + 26 + 10. Let n(c) = -c**3 + 13*c**2 + 3*c - 19. What are the prime factors of n(d)?
7, 23
Suppose 3*o - 126 = 3*n, 4*n + 2*o + 231 = -n. Let i = 25 + n. What are the prime factors of (588/56)/(((-6)/i)/3)?
3, 5, 7
Let l = -225 + 227. Let f(v) = 38*v**2 - 4*v + 9. List the prime factors of f(l).
3, 17
Suppose -3*j + 3*y = -27791 - 32497, 0 = -j + 3*y + 20094. What are the prime factors of j?
3, 7, 11, 29
Let f(y) = -y**2 - 8*y + 56. Let n be f(-12). Suppose 11587 = n*v + 3715. List the prime factors of v.
2, 3, 41
Let n = -35794 + 54153. List the prime factors of n.
11, 1669
Let l = -5 - -10. Suppose -2*w - 53 = -v, -l*w - 11 = -5*v + 259. Let o = v - 32. List the prime factors of o.
23
Let k = 4494 - -2735. What are the prime factors of k?
7229
Suppose 2*s - 7446 = 2*j, -10*s - 4*j + 14924 = -6*s. What are the prime factors of s?
3727
Suppose -10*k - 12 = -16*k. Suppose -4*x + 12 = 0, 4*x + 10 + 136 = k*g. Let t = 170 - g. What are the prime factors of t?
7, 13
What are the prime factors of (6/(-15))/(4*11/(-1885400))?
2, 5, 857
Suppose -4*x - 2*f = -60214, -4*f - 27324 = -4*x + 32920. List the prime factors of x.
2, 941
Suppose 0 = 4*l - 3*h - 3, -3*l + 3*h + 3 = -5*l. Suppose 142 = -0*c + 4*c - 2*p, -5*c - 4*p + 158 = l. What are the prime factors of c?
2, 17
List the prime factors of (2/9)/((-12)/(-108)) - -11996 - -4.
2, 17, 353
Suppose 4*c = -4*q + 212852, 4*c - 212837 = 34*q - 35*q. List the prime factors of c.
2, 3, 739
Let i(d) = -d**2 + 51*d - 160. Suppose 39 = -6*s + 171. List the prime factors of i(s).
2, 239
What are the prime factors of (1 - 1 - -39150) + (-432)/((-2592)/(-48))?
2, 19571
Suppose -10*y = -20*y + 20. Suppose -5*f - 5*o = -4490, -y*f + 6*o = o - 1803. List the prime factors of f.
29, 31
List the prime factors of (-8 - -3)*-425 + (-4 - 1 - 0).
2, 5, 53
Let h(q) = q**3 - 16*q**2 - 27*q + 28. Suppose -2*s - 3*w = -53, -36*w + 35*w + 81 = 4*s. List the prime factors of h(s).
2, 13, 23
Let c(d) = d**2 + 6*d - 1068. Let w be c(0). Let q = w - -1597. Suppose 4*n = -8*i + 3*i + 876, -n = -3*i + q. What are the prime factors of i?
2, 11
Let t = -549 - -1182. Let j = t - -299. What are the prime factors of j?
2, 233
Let q(t) = 48*t**3 + 7*t**2 - 51*t - 66. What are the prime factors of q(11)?
2, 11, 31, 47
Let v be 55 + -50 + (0 - 1)*1. Suppose -v + 2 = -l. Suppose -u + 9 = 4*f - 2*u, 5*u = l*f + 9. List the prime factors of f.
3
Let h = -93 + 96. Let w be 0 - (1 - (h - 4 - 7)). Let d(m) = m**3 + 8*m**2 - 16*m - 13. What are the prime factors of d(w)?
2, 5
Let o(x) = -2*x**3 + 78*x**2 + 4. Let t be o(39). Suppose 0 = -0*q + t*q - z - 664, 0 = -q - 3*z + 166. List the prime factors of q.
2, 83
Suppose 0 = 2*l + l + 5*t + 24, 4*t = 0. What are the prime factors of (14/(-3))/(l/828)?
3, 7, 23
Suppose -5*v - 5*a = 19 - 49, -2*v + a + 9 = 0. Let l(p) = -3*p - 1. Let o be l(v). Let k = 167 + o. List the prime factors of k.
151
Let v = -1120 + 1972. Let b be 18*(3 - v/8). List the prime factors of b/(-36) + 1/4.
2, 13
Let u(s) = -17*s**2. Let b(c) = 6*c**2. Let z(g) = -11*b(g) - 4*u(g). Let k be z(1). What are th